*f + 336 = 0. Calculate the highest common factor of f and i.
6
Suppose -2*h = -v - 10 - 7, h + 5*v + 19 = 0. Calculate the highest common divisor of 2646 and h.
6
Let t = 264 + -122. Let h = t - 72. Suppose 2*o - c - h = -0*o, 3*c = -12. What is the greatest common divisor of 11 and o?
11
Suppose -25*u + 119 = -18*u. Suppose 4 = 2*q - 30. What is the greatest common factor of q and u?
17
Let a(g) = 2*g**2 + g - 2. Let p be a(-3). Let u = -8 + p. Calculate the highest common divisor of 10 and u.
5
Let d be (6 + (-42)/(-35))*(-1 + 6). Let b = -56 - -128. What is the greatest common divisor of d and b?
36
Let y(n) = -n**2 + 37*n - 254. Let d be y(27). Let w(f) = -f**2 - 5*f + 8. Let b be w(-6). What is the highest common factor of b and d?
2
Suppose -120 = 2*s - 8*s. Suppose 0 = -5*n + s + 80. What is the greatest common divisor of 100 and n?
20
Suppose -2*v - 2*d + 8 = 0, v - 4*d + 8 = -3. Calculate the greatest common divisor of v and 23.
1
Let s be (-4 - (-5 - -4) - 1) + 277. What is the greatest common factor of s and 39?
39
Let r be (-1 - 112/20)/((-3)/10). Calculate the highest common divisor of r and 539.
11
Let y be (-6)/(-2) - (55 + 5). Let b = -3 - y. What is the highest common factor of 27 and b?
27
Let z(c) = 50*c + 23. Let y(v) = -51*v - 24. Let j(o) = 4*y(o) + 5*z(o). Let r be j(8). What is the greatest common divisor of 43 and r?
43
Let p be 2/(-3)*2085/(-2). Suppose 0 = 4*r + q - 822 - 623, -5*q - p = -2*r. Calculate the greatest common divisor of r and 40.
40
Suppose 3*b = 2*z + 22, 3*z + 13 + 14 = 3*b. Suppose -10*t + 328 = -7*t - b*l, -230 = -2*t - 3*l. Calculate the highest common divisor of 14 and t.
14
Suppose 5*l - 287 - 293 = 0. Suppose -3*j - 4*t = -7*j + 124, 4*j + 4*t - l = 0. Let s be (-18)/(-45)*j/2. Calculate the greatest common divisor of 48 and s.
6
Let x = 1579 - 1555. Suppose 0*b = -2*b + 4. Let h be b/(-9) + (-146)/(-9). Calculate the highest common factor of x and h.
8
Let i be (-231)/(-22)*8/14. Calculate the greatest common divisor of 51 and i.
3
Let h(d) = 2*d**2 - 7*d - 2. Let b be h(5). Let p be (-55)/((-18)/(-10) + -2). Let a = 418 - p. What is the highest common divisor of a and b?
13
Suppose r + 2*r = -15. Let u be ((-4)/r)/(2/10). Let b be 385/25 - u/10. Calculate the highest common factor of 60 and b.
15
Let a(y) = y**2 + 2*y. Let r be a(-3). Suppose 296 = r*d - 2*k, 2*d + k - 194 = 3*k. Let t = 322 - d. Calculate the highest common factor of 22 and t.
22
Let d(c) = 2*c**2 - c + 1. Let j(y) = -y. Let v(o) = d(o) + j(o). Let n be v(-2). What is the greatest common divisor of 39 and n?
13
Let b = 4 + 0. Let q be (1 - 2)*(-1 - b). Let u = 71 - 36. What is the highest common factor of u and q?
5
Suppose 722 = 15*c + 2. What is the highest common factor of 72 and c?
24
Let c be -13*(17 + (-20 - 2)). Suppose 7 = -4*b - 17. Let u be (-4)/b + 37/3. Calculate the highest common factor of u and c.
13
Let b be (5655/116)/(3/40). Calculate the highest common factor of b and 78.
26
Let u be (150 - -3) + 4 + -1 + 1. Calculate the highest common divisor of 1 and u.
1
Let s = -64 + 95. Let a = 49 - s. What is the highest common divisor of a and 72?
18
Let m(a) = -a**3 + 25*a**2 + 28*a - 14. Let y be m(26). What is the highest common factor of y and 114?
38
Suppose 5*h + 15 = 2*f + 3*f, 0 = 5*f + h - 3. Let t(g) = g**3 - 7*g**2 + 8*g - 7. Let s be t(6). What is the greatest common factor of s and f?
1
Suppose 5*q + 17 = s, 253*q = -s + 252*q - 1. Calculate the greatest common factor of s and 6.
2
Suppose p - 2*p = 3, 2*p = -4*b + 918. Let c be 22 + 4 + 1 + -6. Calculate the highest common factor of c and b.
21
Let b = 33 + 11. Suppose 149 = 3*u + b. Suppose i = -4*t + 9, 0 = 3*i - 0*i + 4*t - u. What is the highest common divisor of 104 and i?
13
Suppose 5*a - a = -3*s + 64, -4*s = 4*a - 88. Suppose -r = r - s. Calculate the greatest common factor of r and 8.
4
Suppose -10*r + 27 + 13 = 0. Suppose 0 - 4 = -r*g. Calculate the greatest common divisor of g and 5.
1
Let j = -13 - -21. Let q = 97 + -33. What is the highest common factor of q and j?
8
Let j = 54 + -9. Suppose -4*d - d = -j. Let f = 92 - 65. Calculate the greatest common divisor of d and f.
9
Let g(s) = 4*s**2 + 2*s - 90. Let q be g(6). What is the highest common factor of q and 1650?
66
Let d be (-28)/(-56) - 3171/(-2). Let o be d/14 + 7 - 4/14. What is the greatest common divisor of 15 and o?
15
Let f be 6/12 - (-9)/2. Suppose 0 = f*g + 4*j + 10, -j + 0*j = 5. Suppose 0*c = g*c - 24. Calculate the greatest common factor of 3 and c.
3
Let j be 0/3 - -2 - 15. Let t = j - -9. Let s be (-334)/t + (-2)/(-4). What is the highest common factor of s and 21?
21
Suppose 3*l + 2*y = 0, 0*l - y - 11 = -4*l. Let t be 4/6 + 66/9. Calculate the greatest common divisor of l and t.
2
Let q = 98 - 70. Suppose -4*c + 144 = -192. Calculate the greatest common divisor of c and q.
28
Let w = -40 - -162. Let m = w - 58. Suppose 0 = 3*l - 6*l + 24. Calculate the highest common divisor of m and l.
8
Let f = 153 + -45. Let q be f - -8*2*2/(-8). What is the highest common divisor of 26 and q?
26
Let c = 186 + 111. Calculate the highest common divisor of c and 44.
11
Let p(u) = 65*u**3 - 2*u + 1. Let f be p(1). Calculate the greatest common factor of 16 and f.
16
Suppose -136 - 136 = -16*c. What is the highest common factor of c and 527?
17
Let b be 6*(-3 - -1)*5/30. Let i be ((-14544)/45)/(-8) - b/(-5). Calculate the highest common divisor of 8 and i.
8
Suppose -4*o - 32 = 7*u - 3*u, 4*u + 6 = -2*o. Let r = o + 15. Suppose r*f + 15 = 3*f. Calculate the greatest common factor of f and 30.
15
Suppose 27*d - 6 = 25*d. Let w be ((-135)/(-6))/(d/6). What is the highest common factor of w and 15?
15
Suppose 4*a + 2*r - 294 = -0*a, 0 = -4*a + 5*r + 273. What is the highest common divisor of 180 and a?
36
Suppose 0 = -35*o - o + 36720. Calculate the greatest common factor of 120 and o.
60
Let y(k) = -10 + 6 + 6 + 11*k + 2. Let d be y(4). Suppose u + 4*u = 60. Calculate the greatest common factor of d and u.
12
Suppose -4*b = -2*s - 86, -4*b + 5*b - s - 23 = 0. Let i be 246/(-10) - 8/b. Let q = i + 53. Calculate the highest common factor of q and 42.
14
Let n(h) = 9*h + 9. Let q be n(7). Suppose 2*b + 6 = -4*v, 4*b + v + v + 30 = 0. Let t = b - -17. What is the greatest common divisor of t and q?
8
Let p = -256 + 514. Suppose 2*m + 5*h - p = 0, -3*m + 6*m = h + 353. Calculate the highest common divisor of m and 17.
17
Let w be (-9*8/(-216))/(1/36). Suppose -w*x + 11*x + 96 = 0. What is the highest common divisor of x and 12?
12
Let d(y) = -3*y - 10. Suppose 2*g - 2*r + r + 12 = 0, -4*r = -5*g - 27. Let z be d(g). Suppose -q + 40 = -15. Calculate the highest common divisor of q and z.
11
Let c be (6/(-4))/((-9)/12). Let w(p) = -7*p + p**c + 3 + 6*p + 0. Let j be w(-2). What is the greatest common factor of 81 and j?
9
Let u be 5/(-10) - 6/4. Let r be 94/(-4)*4/u. What is the greatest common factor of r and 423?
47
Let f(c) = c**2 + 3*c - 2. Let l be f(-4). Suppose 2*m - 4 = l. Suppose 14 - 8 = 3*i. What is the greatest common factor of i and m?
1
Suppose 0 = 3*s - c - 25, -c = 2*s - 2*c - 17. Let p be s*6/3 + -2. Let w(i) = 20*i**2 + i + 2. Let n be w(2). Calculate the greatest common divisor of p and n.
14
Let j(a) = -28*a - 24*a - 20 + 13*a. Let b be j(-2). What is the highest common divisor of b and 87?
29
Suppose 3*v = -9, -v + 0*v = 2*i - 33. Let d = -10 + i. What is the greatest common factor of d and 8?
8
Suppose 2088 = 27*q + 2*q. Calculate the highest common divisor of 90 and q.
18
Let u(w) = w**3 - 35*w**2 + 66*w + 28. Let g be u(33). What is the highest common divisor of g and 1036?
28
Let o(k) = -2*k - 20. Let f be o(-8). Let g be 18/(-27) - ((-1928)/(-3))/f. Calculate the greatest common factor of 16 and g.
16
Let g be (-11 + 127)/(-1 - -3). What is the greatest common factor of g and 58?
58
Let o(g) be the second derivative of -g**4/12 + 7*g**3/3 - 9*g**2 + 9*g. Let p be o(8). What is the greatest common divisor of 90 and p?
30
Suppose -1500 = -17*p + 14*p. Calculate the greatest common factor of p and 50.
50
Suppose -29*w = -19*w - 310. Calculate the greatest common divisor of 31 and w.
31
Let s = -8 - -12. Suppose -4 = -8*c + 12. Suppose -3*x + 76 = c*t + 27, 143 = 4*t -